
Let g be (-6)/21 + (-114)/(-7). Let s(n) = -n - 1. Suppose -4*w + 0*w - 20 = 0. Let l be s(w). Calculate the greatest common factor of g and l.
4
Suppose 5*t - 94 = 2*t - 4*d, 2*d = 2. Suppose 0 = -p - 2 + 12. What is the greatest common factor of p and t?
10
Let k(b) = 3*b**2 + 2*b - 1. Let g be k(4). Let j(z) = z**2 - 5*z + 5. Let q be j(6). Calculate the greatest common divisor of g and q.
11
Suppose -3*b = -22 - 92. What is the highest common factor of b and 152?
38
Suppose a - 5 = 0, 220 = v - a + 1. What is the greatest common divisor of v and 32?
32
Let g(q) = q**2 + 5*q - 20. Let u be g(-8). What is the highest common factor of u and 24?
4
Let j be 126/(-7)*(-2)/3. Calculate the greatest common divisor of j and 12.
12
Let s = -4 + -23. Let h = s + 45. What is the highest common divisor of 54 and h?
18
Let s(t) = t**2 - 7*t + 9. Let d(o) = o**2. Let v(n) = 3*d(n) - s(n). Let u be v(-7). Calculate the highest common factor of 16 and u.
8
Let d(h) = -h**2 - 7*h + 2. Let x be d(-6). What is the greatest common factor of 88 and x?
8
Let m(b) = b + 7. Let p be m(-6). Let r(k) = 8*k**2 - 2*k + 1. Let x be r(p). Calculate the highest common factor of 1 and x.
1
Let b = -20 + 29. Let x be (-2 + (-56)/2)*63/(-42). Calculate the highest common divisor of x and b.
9
Suppose -2*o = o - 9. Suppose -o*s - 2*s = -60. Suppose 0 = 4*b + 4*d - 224, s = -2*b + 3*d + 99. Calculate the highest common divisor of b and 34.
17
Let u = 65 + -46. Calculate the greatest common factor of u and 133.
19
Suppose -k + 42 = -42. Let i = 150 - k. What is the greatest common divisor of 6 and i?
6
Suppose -w = -4*t - 7, 5*t - 10 = 5*w - 90. Calculate the greatest common divisor of 171 and w.
19
Let w(b) be the first derivative of b**3 + 5*b**2/2 - 2*b + 8. Let s be w(-3). Calculate the highest common factor of 10 and s.
10
Suppose w = -5*z + 137 + 33, 170 = 5*z - 4*w. Calculate the highest common divisor of 34 and z.
34
Let v be 2/5 + (-212)/(-20). Suppose -2*t + v = 3*b - 6*t, -5*t = 2*b - 38. Let n(q) = -q - 4. Let f be n(-7). Calculate the highest common factor of f and b.
3
Let c = -11 - -38. Calculate the highest common factor of c and 27.
27
Let q(t) = -t**2 - 12*t - 8. Let m = 3 + -11. Let d be q(m). What is the highest common divisor of d and 72?
24
Let t(i) = -2*i + 8. Let f be t(7). Suppose -5*z + 2*z = 39. Let c = f - z. What is the greatest common factor of c and 7?
7
Let r = -12 - -16. Let c = -3 + 31. Calculate the highest common divisor of c and r.
4
Let g(j) = -j + 1. Let d be g(10). Let h = -4 - -3. Let r be d*h*40/6. What is the highest common factor of r and 15?
15
Suppose 0 = i - 2. Suppose -i*o = -q + 40, -108 = -6*q + 3*q + 3*o. Suppose 4*h = -t + 12, -3*t - 2*t + 10 = -5*h. What is the highest common factor of q and t?
4
Let j be 6/(-5)*(-30)/4. What is the greatest common divisor of j and 72?
9
Suppose 5*k + 552 = 3*g, g - 214 = -3*k - 30. What is the greatest common divisor of g and 23?
23
Let p be -16*2/8*-21. Let t = 39 + -27. Calculate the greatest common factor of t and p.
12
Let f be (-319)/(-4) + (-2)/(-8). Suppose 2*s + 5 - 18 = 3*k, 0 = 5*k - 15. Suppose 3*i - 19 = s. Calculate the greatest common factor of f and i.
10
Suppose -5*w - 265 = -2*x, -4*x + 229 = -4*w + x. Let d be (-14)/8*(w - -11). Calculate the greatest common factor of d and 10.
10
Suppose -5*k + 4 = r, 2*k + 0*k + 60 = 4*r. Let u be (-2)/(-4)*1*r. Let d = 10 - u. Calculate the greatest common divisor of 27 and d.
3
Suppose -2*h = -4*w + 3*h + 891, 0 = h - 1. Calculate the greatest common divisor of 32 and w.
32
Let r be 1/5 + (15552/30)/8. What is the greatest common factor of r and 13?
13
Let n be (-234)/(-14) + (-12)/(-42). Let h = -9 + n. Suppose -2*x + x = -32. What is the greatest common divisor of h and x?
8
Let w(r) = -13*r**3 + 2*r**2 + r + 2. Suppose 0 = 3*z + z + 8. Let a be w(z). Let b be (-2)/6 + 43/3. What is the greatest common factor of b and a?
14
Let g = 53 - 38. Suppose m = 60 + 43. Let h = 268 - m. What is the highest common divisor of h and g?
15
Let u(p) = -1 - p**3 + 6 + 4*p**2 + 9*p + 2*p**2 + 0*p**2. Let a be u(7). Calculate the highest common factor of 133 and a.
19
Suppose -w - 3*l + 37 = 0, 4*w - 5*l - 223 = -2*l. What is the highest common factor of w and 13?
13
Suppose h + h - 4*r = 110, -4*h - r + 265 = 0. Calculate the highest common factor of 26 and h.
13
Let j = 111 - 101. Suppose -2*y + 168 = -0*y. Let q = -34 + y. Calculate the highest common factor of j and q.
10
Let j = -9 + 30. Let o be 6/j + 48/(-21). Let b(t) = 18*t**2 + t. Let d be b(o). What is the greatest common divisor of d and 10?
10
Suppose -36*b = -40*b + 32. What is the highest common divisor of 12 and b?
4
Suppose 0 = h - 2*u - 18, -2*h + 13 + 7 = 4*u. Let d(s) = s + 14. Let i be d(0). Calculate the highest common divisor of i and h.
14
Let p be ((-15)/(-20))/((-1)/(-4)). Suppose s = -p*s. Suppose 2*m + 0*x + 5*x - 21 = s, -4*x = m - 12. Calculate the greatest common factor of m and 88.
8
Let u be 8 + (2 - (-1)/(-1)). Let w = u - 5. Let o = 9 - w. What is the highest common divisor of o and 2?
1
Let n = 59 - 89. Let d = 45 + n. Calculate the greatest common divisor of d and 105.
15
Suppose 3*n + 48 = 4*f, -2*f + 19 = 4*n - 27. What is the greatest common factor of 165 and f?
15
Suppose 12 = 3*x, -2*s + 3*s - 8 = x. What is the highest common divisor of s and 3?
3
Let a(d) = -5*d - 59. Let j be a(-14). Calculate the greatest common divisor of j and 1.
1
Suppose -7 = -3*u + 2*m, 4*u + m + m = 0. What is the greatest common divisor of 1 and u?
1
Let p = 6 + -3. Let i = 7 - 6. What is the highest common divisor of p and i?
1
Let g = 15 - 11. Let z(c) = 5*c**2 - 3 + c - c. Let l be z(g). Calculate the highest common divisor of l and 7.
7
Let v be 4/2 - 5/(-5). Suppose -3*l = -3*i + 102, 47 - v = i + 4*l. Let a be (2/(-4))/((-1)/i). Calculate the greatest common divisor of a and 27.
9
Let i(p) = -p**3 + 2*p**2 - p + 2. Let x be i(3). Let b = x + 32. What is the highest common factor of 11 and b?
11
Let w = -3 + 5. Let k be (-1)/(3/(-30)*w). What is the highest common divisor of k and 55?
5
Let a be 4/(3 + 1) - -23. Calculate the greatest common divisor of a and 3.
3
Let j(v) = -v**3 - 4*v**2 + 2*v + 3. Let q be j(-6). Let g = 3 - -6. What is the highest common divisor of g and q?
9
Suppose 0*h + 57 = 3*h - 3*b, -7 = -h + 4*b. Calculate the greatest common factor of h and 207.
23
Let n = 24 - 10. Let k = n - -1. Suppose 0*t + k = 5*t. What is the highest common divisor of t and 9?
3
Suppose 14*s - 15*s = 0. Suppose s = -5*g - 37 + 142. Calculate the highest common factor of g and 147.
21
Let t = -12 - -8. Let b = t + 8. What is the greatest common factor of 32 and b?
4
Let y = -161 + 226. Let a be -2 + -1 - -3 - (-2 + -24). Calculate the highest common factor of y and a.
13
Suppose 4*n = -5*c + 12, 2*c - 10 = -2*n - 4. Suppose 6*y = n*y + 48. Calculate the highest common divisor of 16 and y.
16
Let r = -16 + 7. Let x(i) = -i**3 - 9*i**2 - i - 4. Let p be x(r). Suppose -5*f + 45 = 3*g, p*f = -g + f + 8. What is the highest common factor of 4 and g?
4
Let w be (4/5)/((-1)/(-165)). What is the greatest common factor of 12 and w?
12
Let h(l) = l**2 - 1. Let i be h(7). Suppose -2*y + i = 2*y. Calculate the greatest common divisor of 30 and y.
6
Suppose 17 = -2*w + 2*h + h, 1 = 2*w + 3*h. Let n = 6 + w. Suppose -6*c + n*c = -12. Calculate the highest common factor of c and 1.
1
Let w be ((-18)/15)/(3/(-170)). Suppose -4*s - v = w, 2*s = 3*v - 32 + 12. Let p be (s/(-6))/((-3)/(-18)). Calculate the highest common divisor of 8 and p.
8
Suppose -2*a = -a - 2. Let j(q) = 26*q**2 + 4*q - 2. Let u be j(a). What is the highest common factor of 44 and u?
22
Let y be (-3 - 5)/((-2)/3). Calculate the highest common factor of 6 and y.
6
Suppose -3*c + 103 = 3*n - c, -2*c = 2. Calculate the greatest common divisor of 5 and n.
5
Let q(c) = c**3 - 6*c**2 - 2*c + 5. Let w be q(7). Suppose -92 + 12 = -4*v. Calculate the greatest common factor of v and w.
20
Suppose -5*d + 2*b + 44 = -4*d, 0 = 5*d + 4*b - 192. What is the highest common factor of d and 100?
20
Let k be (3/2)/((-908)/304 + 3). Suppose n - 6*u + u - 44 = 0, 4*u = 3*n - 187. Let y = k - n. Calculate the highest common factor of 5 and 